**2. Give u(1).
-16
Let f(a) = -6*a**2 - 7*a + 1. Let n(g) = -g**2 - 1. Let q(k) = f(k) - 5*n(k). Calculate q(-7).
6
Let a(y) be the first derivative of y**4/4 + 2*y**3 + 2*y**2 + 3*y + 2. Calculate a(-5).
8
Let r(f) be the third derivative of -f**7/2520 - f**6/120 - f**5/120 - f**4/24 - f**2. Let k(z) be the second derivative of r(z). Give k(-3).
8
Suppose 0 = -h - 2*t - 5, -4*t + 11 = -4*h - 9. Let x = h + 6. Let a(n) = x + 4 - 7*n + 5*n. Give a(5).
-5
Let v(t) = t**3 - 6*t**2 - 7*t + 4. Let f be v(7). Let c(b) = -9*b + 11. Let i(x) = 13*x - 16. Let p(u) = 7*c(u) + 5*i(u). Calculate p(f).
5
Let m(t) be the third derivative of 0 + 0*t + 3*t**2 + 0*t**3 + 1/12*t**4. What is m(3)?
6
Let w(i) = i**3 - 3*i**2 - 4*i + 5. Let z(v) = -v**3 - 8*v**2 - 7*v + 6. Let r = 3 - 10. Let c be z(r). Suppose 5*n - c = 4, 0 = -3*l - 5*n + 22. Give w(l).
5
Let p(c) = 21*c. Suppose 2*m = 5*r - 8, -3*r = -2*m + 6*m - 10. What is p(m)?
21
Suppose 2*h = -3*h + 35. Let i = h - 10. Let c(o) = -o**3 - 2*o**2 + o - 3. Calculate c(i).
3
Suppose -2*p + 12 = -3*l, -2*p + 13 + 3 = -5*l. Suppose p*r = -2*r + 20. Let t(s) = -s**2 + 6*s - 2. What is t(r)?
6
Let s = 0 + 8. Suppose -2*c - s = 5*a, 2*a + 4 = -5*c + 4*c. Let p(f) = a + f**2 + 0 - 1 - 3*f. Give p(3).
-1
Let h = -183 + 186. Let p(w) = w + 4*w**2 - 4 - 3*w**2 + 2. Calculate p(h).
10
Let o(d) = d**2 - 6*d + 7. Let u = 3 + -2. Let z be u/(27/13 + -2). Suppose 5*k - 12 = z. Calculate o(k).
2
Suppose -5*c = 5*i + 5, 3*c = -2*i - 4 - 2. Suppose i*g + 3 = -9. Let p(n) = -2*n. Give p(g).
8
Let f be (0 + -12)/4 + 3. Suppose 0*u + 4*u = 4. Let x(h) = 0 + f*h**2 - 4*h**2 + 2 - u. What is x(-1)?
-3
Let y(f) = -2*f - 24. Let d be y(-12). Let g(i) = i**2. Give g(d).
0
Let p(r) be the second derivative of -r**3/6 + 5*r**2/2 + 24*r. Give p(6).
-1
Let p(u) = -u**3 - 5 + 6*u**2 + u + 2*u - 3*u**2 + 1. Give p(4).
-8
Let v(q) be the first derivative of 3*q**2/2 + 1. Suppose -3 = -x + r, -2*x + 7*x - 3*r = 11. Suppose -x = -3*y + 2. Give v(y).
3
Let k(d) = -d**3 - 5*d**2. Let u be k(-5). Let p(m) = -m - m**2 + 6 - 1 - 3*m + u. Determine p(-5).
0
Let b be (0 - 7) + 1/(3/6). Let h(x) = -3*x**2 - 18*x - 6. Let s(w) = -w**2 - 6*w - 2. Let k(n) = 4*h(n) - 11*s(n). What is k(b)?
3
Let j(k) = 3*k. Let s(y) = -4*y - 9. Let c(o) = -2*o - 5. Let w(n) = 7*c(n) - 4*s(n). Let z be w(-1). Let i be 3/(-3)*2*z. Calculate j(i).
6
Let i(k) = 4*k - 1. Let a(x) = -x**2 - 7*x - 4. Let d be a(-5). Let b be (-4 + 2)/((-4)/d). Suppose -3*h + b*s = -9, 4*h - 7 = -h + s. What is i(h)?
3
Let y(k) = k**2 + 5*k + 7. Suppose 5*j = -a + 6*a, j - 3*a = 4. Let d be 24/6 + 1 + j. Suppose -d*f - 10 = -f. Determine y(f).
7
Let p(j) = j**3 + j**2 + j - 1. Let w(t) = 6*t**3 - t**2 + 7*t - 8. Let s(u) = 5*p(u) - w(u). Suppose 0 = 2*x - 3 - 9. Determine s(x).
-9
Let d(n) = n**3 - 5*n**2 - 5*n - 5. Suppose -4*q + 3 + 21 = 0. Determine d(q).
1
Suppose 12 = 4*w - 4. Let u(i) = -3*i**3 + 5*i**3 + 15*i**2 + w*i - 19*i**2 + 0*i**3 - 3. Let z(d) = d**3 + 4*d**2 + d - 4. Let s be z(-3). Determine u(s).
5
Let o(t) = 3*t**3 - 3*t**2 + 4*t + 2. Let m(q) = q**3 + q. Let h(a) = 2*m(a) - o(a). Calculate h(2).
-2
Let l(r) be the second derivative of r**7/2520 + r**5/24 - r**4/6 - 2*r. Let x(d) be the third derivative of l(d). Determine x(0).
5
Let u(l) = l - 2. Suppose -17*i + 16*i + 2 = 0. Calculate u(i).
0
Let f(q) = -83*q + 44*q + 38*q - 2. Determine f(-5).
3
Suppose z - 31 = 2*l, -49 + 3 = 2*l + 2*z. Let b be (-12)/(-54) - 14/l. Let k(q) = 2*q**2 - q. What is k(b)?
1
Let c be ((-4)/10)/((-1)/(-5)). Let n(g) = -6*g - 7. Let o(v) = 1. Let f(p) = -n(p) - 6*o(p). Give f(c).
-11
Let q = -12 + 7. Suppose 0 = 3*i + 2*i - 20. Let a(l) = 0 + 1 + l + l**2 + i*l. What is a(q)?
1
Let i(a) = -4 + 4*a**2 + a**3 - 2 + 1 - 5*a - 3*a. Determine i(-5).
10
Let h be (36/63)/(2/7). Let f(a) = -3*a + 0*a + 2 + h*a. Determine f(-5).
7
Let g = -14 - -11. Let o be 1*(-1 - 0/g). Let d(q) = -2*q**3 + 1. Determine d(o).
3
Let x(d) = -d - 3. Let b = -16 - -16. Give x(b).
-3
Let r(f) be the third derivative of -f**6/30 + f**5/60 + f**4/12 + f**3/6 - 93*f**2 - 2*f. Suppose 3*c + 0 = -3. Calculate r(c).
4
Let b(r) = -r**2 - 7*r + 1. Let w be b(-6). Suppose w*h + 25 = 2*h. Let d(f) = f**3 + 5*f**2 + 2*f - 2. Give d(h).
-12
Suppose 0 = 4*n - 4. Let j(o) = -o**2 + o. Determine j(n).
0
Let c(m) = 7*m**2 + 2*m - 11. Let l(w) = 8*w**2 + 3*w - 12. Let g(o) = -7*c(o) + 6*l(o). Give g(5).
0
Let d(u) = 2*u**3 - 7*u**2 - u - 2. Let n(j) = 3*j**3 - 11*j**2 - 2*j - 3. Let y(q) = 7*d(q) - 5*n(q). Give y(6).
19
Let p(b) be the third derivative of b**4/12 + 4*b**3/3 + 23*b**2. Calculate p(-7).
-6
Let m(u) = u**2 - u. Let o be (-3)/(-2) - (-5)/10. Suppose -o*n = -8, n = -t - 0*t + 8. Suppose t*k + 4 = -4. Determine m(k).
6
Let a(d) = d**3 - d**2 - d - 2. Let c be a(2). Suppose -j = -c*j - 11. Let u(f) = j + f**2 + 0*f + 3*f + 0*f - 4*f. Give u(0).
11
Let p(x) = -3*x - 17. Let g be p(-6). Let n(w) = w. Calculate n(g).
1
Let j(y) = -y**2 - 4*y + 3. Suppose 0 = d - a - 4, -d - 5*a + 0*a - 20 = 0. Suppose -5*b + 3*i = 4 + 21, d = 4*i. What is j(b)?
-2
Let w(r) = -r**2 - 4*r + 4. Let a = -2 + 5. Suppose 0 = a*b + 31 - 1. Let s = b + 7. Calculate w(s).
7
Let m be 5 + (2 + -3 - 1). Let l(t) = -t**2 + m - 4 - 6*t + 2*t. Determine l(-2).
3
Let z(r) = -6*r + 1. Suppose q = -3*q - 8. Let x be ((-1)/(-2) - 0)*q. Calculate z(x).
7
Let i(y) = -2*y**2 + 2*y + 2. Let l(g) = -2*g**2 - 12*g - 14. Let v be l(-4). Determine i(v).
-2
Suppose 0*b + 2*b = -8, 4*b - 2 = -2*h. Let i(o) = -o + 8*o + h*o. Calculate i(1).
16
Let t(m) be the first derivative of 2 - 1/6*m**4 - 1/2*m**3 - 1/2*m**2 + 2*m. Let k(c) be the first derivative of t(c). What is k(-3)?
-10
Let l(m) = m + 8. Let k be l(-6). Let z = 2 + -8. Let j be k/(-3)*z/1. Let c(y) = y + 1. Calculate c(j).
5
Let g(m) be the first derivative of -3*m**2/2 - 2*m - 3. Calculate g(2).
-8
Let b(m) = -7*m**3 + m**2 + 11*m + 13. Let r(j) = -10*j**3 + j**2 + 16*j + 19. Let o(l) = 7*b(l) - 5*r(l). Determine o(-3).
-4
Let v(n) be the second derivative of 7/6*n**3 + 0 - 5/2*n**2 - 2*n - 1/12*n**4. Determine v(7).
-5
Let x(y) be the second derivative of -y**4/12 - y**3/6 + y**2/2 - 13*y. Give x(-3).
-5
Let z(t) = -t**3 - 4*t**2 + 5*t + 3 + 3 + 0. Let a(c) be the second derivative of -c**3/3 + 3*c**2/2 - 8*c. Let n be a(4). Determine z(n).
6
Let f(w) = 0*w - 5 - 3*w + 0*w - w**3 + 5*w**2 - w. Give f(4).
-5
Let w(s) = s**2 + 2*s. Let k(m) = -m**2 - 3*m. Let q(v) = -4*k(v) - 3*w(v). Suppose 2*p + 0*p = -10. Calculate q(p).
-5
Let f(c) = 7*c + 7. Let a be (-189)/6*4/(-3). Let s(n) = 9*n + 30. Let q(j) = j + 3. Let o(g) = a*q(g) - 4*s(g). Let w(h) = 5*f(h) - 6*o(h). Calculate w(0).
-1
Let u(t) = 4*t - 7. Let y be -2 + (-2 - 1/1). Let p(w) = w - 1. Let i(q) = y*p(q) + u(q). Let s(b) = 3*b + 6. Let z(a) = 11*i(a) + 4*s(a). Determine z(4).
6
Let p = -6 - -11. Let h = -11 + p. Let u(z) = z**3 + 6*z**2 + z + 3. Determine u(h).
-3
Let v(i) be the second derivative of i**5/20 + i**4/6 + 2*i**2 - i. Calculate v(-3).
-5
Let x be (8 - 1)*((0 - 3) + 4). Let y(c) = c**2 - 9*c + 9. Calculate y(x).
-5
Let a(f) = 19*f**2 - 26*f**2 + f**3 + 0 + 7*f - 7. What is a(6)?
-1
Let p(h) = h**2 + 9*h + 8. Let b be p(-6). Let w = 22 + b. Suppose -3*t + 7*t = -w. Let y(q) = -q**3 - 2*q**2 + 3*q + 1. Determine y(t).
1
Suppose 0 = y + y - 10. Suppose r - 5*r + 8 = 0. Let d(v) = -v - r*v - 2*v + v**2 + 3. What is d(y)?
3
Let r be 4*((2 - 1) + -2). Let t be r/(8/6) + 2. Let b(h) = 6*h**2 + h. Calculate b(t).
5
Suppose -4*t = -4*v + 24, 0 = -4*v + 2*t + 22. Let r(j) = -2*j**3 - 6*j**2 + 0 + v*j**2 - 3 + 4. What is r(-1)?
2
Let d(s) = 4*s**2 - 2*s - 1. Suppose 2 = -8*p - 14. Determine d(p).
19
Suppose -11*m + 20 + 13 = 0. Let g(a) be the third derivative of 0 + 3*a**2 - 1/120*a**6 + 7/60*a**5 - 1/4*a**4 + 5/6*a**m + 0*a. Calculate g(6).
5
Suppose -12 = -5*h - 2. Let y be (h - 2/2)/(-1). Let l(u) = 5*u**3 + u + 1. What is l(y)?
-5
Let v(i) be the third derivative of i**2 + 7/6*i**3 + 0*i**4 + 0 + 0*i + 1/60*i**5. Suppose -4*n + 5*u = 13 + 12, 2*n + 5 = u. Calculate v(n).
7
Suppose 0 = 2*f - 2, 2*j + 2*f + 14 = 6*j. Let t(d) = -3*d - 3*d**3 + 2*d**3 + 5*d**2 - 1 + d. What is t(j)?
7
Let n(x) be the first derivative of -2*x**3/3 - x**2 - 2*x - 2. Suppo